{"id":947,"date":"2023-08-07T18:53:52","date_gmt":"2023-08-07T18:53:52","guid":{"rendered":"https:\/\/rnt.ro\/?page_id=947"},"modified":"2023-08-07T18:53:52","modified_gmt":"2023-08-07T18:53:52","slug":"rnt-la-20-ani","status":"publish","type":"page","link":"https:\/\/rnt.ro\/index.php\/rnt-la-20-ani\/","title":{"rendered":"RNT la 20 ANI!"},"content":{"rendered":"\n<p><a href=\"https:\/\/www.facebook.com\/RNTRomania?__cft__[0]=AZVuN7thahgOx0LQs6nE1_swITz2gdsf5aSXQniA0aXL4mTosnIoa3Ox3tYMjf1saSpZESAaYSILoJVOSlbiO-ECxfMRRIkOkQwiTnaKnMNdFq4bzS9VVvu4JuEhlGP2z6mSphLc6DaIqZ46nZyLVKa01a8nqn60_y8iMzaE9hkwhx8Kg5KTNPQYPPXB3_T3y34&amp;__tn__=-]K-R\">RNT Romania<\/a> a \u00eemplinit 20 ani de:<\/p>\n\n\n\n<p>&#8211; experienta \u00een domeniul telecomunicatiilor<\/p>\n\n\n\n<p>&#8211; c\u00e2nd furnizeaz\u0103 servicii de internet<\/p>\n\n\n\n<p>&#8211; c\u00e2nd creeaz\u0103 solu\u021bii personalizate pentru a satisface cerin\u021bele clien\u021bilor<\/p>\n\n\n\n<p>LA <a><\/a>MULTI ANI RNT!<\/p>\n\n\n\n<figure class=\"wp-block-gallery has-nested-images columns-default is-cropped wp-block-gallery-1 is-layout-flex wp-block-gallery-is-layout-flex\">\n<figure class=\"wp-block-image size-full\"><img loading=\"lazy\" decoding=\"async\" width=\"491\" height=\"516\" data-id=\"948\" src=\"https:\/\/rnt.ro\/wp-content\/uploads\/2023\/08\/358535537_1020208059386727_4344433938446243051_n.jpg\" alt=\"\" class=\"wp-image-948\" srcset=\"https:\/\/rnt.ro\/wp-content\/uploads\/2023\/08\/358535537_1020208059386727_4344433938446243051_n.jpg 491w, https:\/\/rnt.ro\/wp-content\/uploads\/2023\/08\/358535537_1020208059386727_4344433938446243051_n-285x300.jpg 285w\" sizes=\"auto, (max-width: 491px) 100vw, 491px\" \/><\/figure>\n\n\n\n<figure class=\"wp-block-image size-full\"><img loading=\"lazy\" decoding=\"async\" width=\"369\" height=\"267\" data-id=\"859\" src=\"https:\/\/rnt.ro\/wp-content\/uploads\/2023\/08\/cropped-20-ANI-IMPREUNA-v1.png\" alt=\"\" class=\"wp-image-859\" srcset=\"https:\/\/rnt.ro\/wp-content\/uploads\/2023\/08\/cropped-20-ANI-IMPREUNA-v1.png 369w, https:\/\/rnt.ro\/wp-content\/uploads\/2023\/08\/cropped-20-ANI-IMPREUNA-v1-300x217.png 300w\" sizes=\"auto, (max-width: 369px) 100vw, 369px\" \/><\/figure>\n<\/figure>\n","protected":false},"excerpt":{"rendered":"<p>RNT Romania a \u00eemplinit 20 ani de: &#8211; experienta \u00een domeniul telecomunicatiilor &#8211; c\u00e2nd furnizeaz\u0103 servicii de internet &#8211; c\u00e2nd creeaz\u0103 solu\u021bii personalizate pentru a satisface cerin\u021bele clien\u021bilor LA MULTI ANI RNT!<\/p>\n","protected":false},"author":1,"featured_media":0,"parent":0,"menu_order":0,"comment_status":"closed","ping_status":"closed","template":"","meta":{"footnotes":""},"class_list":["post-947","page","type-page","status-publish","hentry"],"_links":{"self":[{"href":"https:\/\/rnt.ro\/index.php\/wp-json\/wp\/v2\/pages\/947","targetHints":{"allow":["GET"]}}],"collection":[{"href":"https:\/\/rnt.ro\/index.php\/wp-json\/wp\/v2\/pages"}],"about":[{"href":"https:\/\/rnt.ro\/index.php\/wp-json\/wp\/v2\/types\/page"}],"author":[{"embeddable":true,"href":"https:\/\/rnt.ro\/index.php\/wp-json\/wp\/v2\/users\/1"}],"replies":[{"embeddable":true,"href":"https:\/\/rnt.ro\/index.php\/wp-json\/wp\/v2\/comments?post=947"}],"version-history":[{"count":0,"href":"https:\/\/rnt.ro\/index.php\/wp-json\/wp\/v2\/pages\/947\/revisions"}],"wp:attachment":[{"href":"https:\/\/rnt.ro\/index.php\/wp-json\/wp\/v2\/media?parent=947"}],"curies":[{"name":"wp","href":"https:\/\/api.w.org\/{rel}","templated":true}]}}