{"id":11,"date":"2022-11-20T18:21:29","date_gmt":"2022-11-20T18:21:29","guid":{"rendered":"https:\/\/rnt.ro\/?page_id=11"},"modified":"2026-05-01T20:15:23","modified_gmt":"2026-05-01T20:15:23","slug":"personal","status":"publish","type":"page","link":"https:\/\/rnt.ro\/index.php\/personal\/","title":{"rendered":"<font color=black><b>Personal<\/b><\/font>"},"content":{"rendered":"\n<h2 class=\"wp-block-heading\">RNT furnizeaz\u0103 servicii de internet \u0219i televiziune, pentru a oferi clien\u021bilor acces la lucrurile care conteaz\u0103, oric\u00e2nd, oriunde.<\/h2>\n\n\n\n<p><\/p>\n\n\n\n<h2 class=\"wp-block-heading\">Alege unul din pachetele noastre 2 in 1 acum \u0219i bucur\u0103-te de experien\u021ba RNT:<\/h2>\n\n\n\n<p><\/p>\n\n\n\n<div class=\"wp-block-media-text alignwide is-stacked-on-mobile\" style=\"grid-template-columns:28% auto\"><figure class=\"wp-block-media-text__media\"><img loading=\"lazy\" decoding=\"async\" width=\"275\" height=\"95\" src=\"http:\/\/rnt.ro\/wp-content\/uploads\/2022\/11\/net-tv-wireless.png\" alt=\"\" class=\"wp-image-166 size-full\"\/><\/figure><div class=\"wp-block-media-text__content\">\n<h2 class=\"wp-block-heading\">Pachete internet si TV<\/h2>\n<\/div><\/div>\n\n\n\n<div class=\"wp-block-columns alignwide is-layout-flex wp-container-core-columns-is-layout-9d6595d7 wp-block-columns-is-layout-flex\">\n<div class=\"wp-block-column has-text-color has-background has-link-color wp-elements-4fba277a62e4ad2baccef777bf9b9e45 is-layout-flow wp-block-column-is-layout-flow\" style=\"color:#000000;background-color:#ffe97d;padding-top:2em;padding-right:2em;padding-bottom:2em;padding-left:2em\">\n<h1 class=\"wp-block-heading\" id=\"single\" style=\"font-size:40px\">TV Baza <br>Net Start<\/h1>\n\n\n\n<p class=\"has-normal-font-size\" style=\"line-height:1.5\">Cel mai accesibil pachet, \u00ee\u021bi ofer\u0103 acces la canalele de televiziune importante \u0219i o vitez\u0103 de internet bun\u0103. Este perfect pentru o utilizare moderat\u0103.<\/p>\n\n\n\n<hr class=\"wp-block-separator has-text-color has-css-opacity has-background is-style-wide\" style=\"background-color:#000000;color:#000000\"\/>\n\n\n\n<ul class=\"wp-block-list\">\n<li>141 programe TV digitale<\/li>\n\n\n\n<li>27 programe HD<\/li>\n\n\n\n<li>Viteza internet  pana la 500 Mbps<\/li>\n\n\n\n<li>Viteza medie download\/upload 450 Mbps<\/li>\n\n\n\n<li>Viteza minima de upload\/download de 100 Mbps<\/li>\n\n\n\n<li>Perioada contactuala 24 luni<\/li>\n<\/ul>\n\n\n\n<div class=\"wp-block-buttons alignfull is-horizontal is-content-justification-center is-layout-flex wp-container-core-buttons-is-layout-499968f5 wp-block-buttons-is-layout-flex\">\n<div class=\"wp-block-button has-custom-width wp-block-button__width-100\"><a class=\"wp-block-button__link has-white-color has-text-color has-background no-border-radius wp-element-button\" style=\"background-color:#000000\">56 RON<\/a><\/div>\n<\/div>\n<\/div>\n\n\n\n<div class=\"wp-block-column has-text-color has-background has-link-color wp-elements-b5e63136c9858fb8f95274561524749a is-layout-flow wp-block-column-is-layout-flow\" style=\"color:#000000;background-color:#d1d1e1;padding-top:2em;padding-right:2em;padding-bottom:2em;padding-left:2em\">\n<h2 class=\"wp-block-heading\" id=\"family\" style=\"font-size:40px\">TV Optim <br>Net Plus<\/h2>\n\n\n\n<p class=\"has-normal-font-size\" style=\"line-height:1.5\">Cea mai popular\u0103 alegere, ofer\u0103 un ghid de acces la cele mai cunoscute canale de televiziune. \u00cen plus, te bucuri de o vitez\u0103 la fel de mare la internet, pentru tine \u0219i familia ta.<\/p>\n\n\n\n<hr class=\"wp-block-separator has-css-opacity is-style-wide\"\/>\n\n\n\n<ul class=\"wp-block-list\">\n<li>147 programe TV digitale<\/li>\n\n\n\n<li>29 programe HD<\/li>\n\n\n\n<li>Viteza internet pana la 1 Gbps<\/li>\n\n\n\n<li>Viteza medie download\/upload 850 Mbps<\/li>\n\n\n\n<li>Viteza minima de upload\/download de 100 Mbps<\/li>\n\n\n\n<li>Perioada contactuala 24 luni<\/li>\n<\/ul>\n\n\n\n<div class=\"wp-block-buttons alignfull is-horizontal is-content-justification-center is-layout-flex wp-container-core-buttons-is-layout-499968f5 wp-block-buttons-is-layout-flex\">\n<div class=\"wp-block-button has-custom-width wp-block-button__width-100 is-style-fill\"><a class=\"wp-block-button__link has-white-color has-text-color has-background no-border-radius wp-element-button\" style=\"background-color:#000000\">71 RON<\/a><\/div>\n<\/div>\n<\/div>\n\n\n\n<div class=\"wp-block-column has-text-color has-background has-link-color wp-elements-3a16d41fd6983dfc7f4e4157d9a838e9 is-layout-flow wp-block-column-is-layout-flow\" style=\"color:#000000;background-color:#c0ebf1;padding-top:2em;padding-right:2em;padding-bottom:2em;padding-left:2em\">\n<h2 class=\"wp-block-heading\" id=\"patron\" style=\"font-size:40px\">TV Elite <br>Net Plus<\/h2>\n\n\n\n<p class=\"has-normal-font-size\">Un pachet complet, care ofer\u0103 o vitez\u0103 mare de transfer. Este cea mai bun\u0103 alegere pentru c\u0103 include cele mai multe alegeri de divertisment, oferind o experien\u021b\u0103 complet\u0103 utilizatorilor.<\/p>\n\n\n\n<hr class=\"wp-block-separator has-css-opacity is-style-wide\"\/>\n\n\n\n<ul class=\"wp-block-list\">\n<li>178 programe TV digitale<\/li>\n\n\n\n<li>45 programe HD<\/li>\n\n\n\n<li>Viteza internet  pana la 1 Gbps<\/li>\n\n\n\n<li>Viteza medie download\/upload 850 Mbps<\/li>\n\n\n\n<li>Viteza minima de upload\/download de 100 Mbps<\/li>\n\n\n\n<li>Perioada contactuala 24 luni<\/li>\n<\/ul>\n\n\n\n<div class=\"wp-block-buttons alignfull is-horizontal is-content-justification-center is-layout-flex wp-container-core-buttons-is-layout-499968f5 wp-block-buttons-is-layout-flex\">\n<div class=\"wp-block-button has-custom-width wp-block-button__width-100\"><a class=\"wp-block-button__link has-white-color has-text-color has-background no-border-radius wp-element-button\" style=\"background-color:#000000\">98 RON<\/a><\/div>\n<\/div>\n<\/div>\n<\/div>\n\n\n\n<p><\/p>\n\n\n\n<p><\/p>\n\n\n\n<h2 class=\"wp-block-heading\">         Dac\u0103 \u00eenc\u0103 nu te-ai decis la un pachet 2 in 1, po\u021bi achizi\u021biona separat ofertele noastre:<\/h2>\n\n\n\n<p><\/p>\n\n\n\n<div class=\"wp-block-media-text alignwide is-stacked-on-mobile has-medium-font-size\" style=\"grid-template-columns:15% auto\"><figure class=\"wp-block-media-text__media\"><img loading=\"lazy\" decoding=\"async\" width=\"300\" height=\"300\" src=\"https:\/\/rnt.ro\/wp-content\/uploads\/2022\/11\/internet-300x300.png\" alt=\"\" class=\"wp-image-42 size-medium\" srcset=\"https:\/\/rnt.ro\/wp-content\/uploads\/2022\/11\/internet-300x300.png 300w, https:\/\/rnt.ro\/wp-content\/uploads\/2022\/11\/internet-150x150.png 150w, https:\/\/rnt.ro\/wp-content\/uploads\/2022\/11\/internet-240x240.png 240w, https:\/\/rnt.ro\/wp-content\/uploads\/2022\/11\/internet-96x96.png 96w, https:\/\/rnt.ro\/wp-content\/uploads\/2022\/11\/internet-121x121.png 121w, https:\/\/rnt.ro\/wp-content\/uploads\/2022\/11\/internet-60x60.png 60w, https:\/\/rnt.ro\/wp-content\/uploads\/2022\/11\/internet-184x184.png 184w, https:\/\/rnt.ro\/wp-content\/uploads\/2022\/11\/internet.png 512w\" sizes=\"auto, (max-width: 300px) 100vw, 300px\" \/><\/figure><div class=\"wp-block-media-text__content\">\n<h2 class=\"wp-block-heading has-text-align-center\"><strong>INTERNET<\/strong><\/h2>\n<\/div><\/div>\n\n\n\n<p><\/p>\n\n\n\n<div class=\"wp-block-columns alignwide is-layout-flex wp-container-core-columns-is-layout-9d6595d7 wp-block-columns-is-layout-flex\">\n<div class=\"wp-block-column has-pale-pink-background-color has-text-color has-background has-link-color wp-elements-a9d208dec65f077c846fe00b73562809 is-layout-flow wp-block-column-is-layout-flow\" style=\"color:#000000;padding-top:2em;padding-right:2em;padding-bottom:2em;padding-left:2em\">\n<h2 class=\"wp-block-heading\" id=\"family\" style=\"font-size:40px\">Start<\/h2>\n\n\n\n<p class=\"has-normal-font-size\" style=\"line-height:1.5\"><\/p>\n\n\n\n<hr class=\"wp-block-separator has-css-opacity is-style-wide\"\/>\n\n\n\n<ul class=\"wp-block-list\">\n<li>Viteza download\/upload de pana la 500 Mbps<\/li>\n\n\n\n<li>Viteza medie download\/upload 450 Mbps<\/li>\n\n\n\n<li>Viteza minima de upload\/download de 100 Mbps<\/li>\n\n\n\n<li>Perioada contactuala 24 luni<\/li>\n<\/ul>\n\n\n\n<div class=\"wp-block-buttons alignfull is-horizontal is-content-justification-center is-layout-flex wp-container-core-buttons-is-layout-499968f5 wp-block-buttons-is-layout-flex\">\n<div class=\"wp-block-button has-custom-width wp-block-button__width-100 is-style-fill\"><a class=\"wp-block-button__link has-white-color has-text-color has-background no-border-radius wp-element-button\" style=\"background-color:#000000\">30 RON<\/a><\/div>\n<\/div>\n<\/div>\n\n\n\n<div class=\"wp-block-column is-vertically-aligned-bottom has-pale-cyan-blue-background-color has-text-color has-background has-link-color wp-elements-00008cbbe0a70722ee99db0b8216fc3f is-layout-flow wp-block-column-is-layout-flow\" style=\"color:#000000;padding-top:2em;padding-right:2em;padding-bottom:2em;padding-left:2em\">\n<h2 class=\"wp-block-heading\" id=\"patron\" style=\"font-size:40px\"><strong>Plus<\/strong><\/h2>\n\n\n\n<p class=\"has-normal-font-size\"><\/p>\n\n\n\n<hr class=\"wp-block-separator has-css-opacity is-style-wide\"\/>\n\n\n\n<ul class=\"wp-block-list\">\n<li>Viteza download\/upload de pana la 1 Gbps<\/li>\n\n\n\n<li>Viteza medie download\/upload 850 Mbps<\/li>\n\n\n\n<li>Viteza minima de upload\/download de 100 Mbps<\/li>\n\n\n\n<li>Perioada contactuala 24 luni<\/li>\n<\/ul>\n\n\n\n<div class=\"wp-block-buttons alignfull is-horizontal is-content-justification-center is-layout-flex wp-container-core-buttons-is-layout-499968f5 wp-block-buttons-is-layout-flex\">\n<div class=\"wp-block-button has-custom-width wp-block-button__width-100\"><a class=\"wp-block-button__link has-white-color has-text-color has-background no-border-radius wp-element-button\" style=\"background-color:#000000\">40 RON<\/a><\/div>\n<\/div>\n<\/div>\n<\/div>\n\n\n\n<div class=\"wp-block-columns is-layout-flex wp-container-core-columns-is-layout-9d6595d7 wp-block-columns-is-layout-flex\">\n<div class=\"wp-block-column is-layout-flow wp-block-column-is-layout-flow\"><\/div>\n<\/div>\n\n\n\n<div class=\"wp-block-columns is-layout-flex wp-container-core-columns-is-layout-9d6595d7 wp-block-columns-is-layout-flex\">\n<div class=\"wp-block-column is-layout-flow wp-block-column-is-layout-flow\">\n<h1 class=\"wp-block-heading has-text-align-center\"><strong>Easy 2,5<\/strong><\/h1>\n\n\n\n<ul class=\"wp-block-list\">\n<li>Viteza download\/upload de pana la 2,5 Gbps<\/li>\n\n\n\n<li>Viteza medie download\/upload 1,8 Gbps<\/li>\n\n\n\n<li>Viteza minima de upload\/download de 2 Gbps<\/li>\n\n\n\n<li>Perioada contactuala 24 luni<\/li>\n\n\n\n<li>Tehlogie XGSPON<\/li>\n<\/ul>\n\n\n\n<div class=\"wp-block-buttons alignfull is-horizontal is-content-justification-center is-layout-flex wp-container-core-buttons-is-layout-499968f5 wp-block-buttons-is-layout-flex\">\n<div class=\"wp-block-button has-custom-width wp-block-button__width-100\"><a class=\"wp-block-button__link has-white-color has-text-color has-background no-border-radius wp-element-button\" style=\"background-color:#000000\">60 RON<\/a><\/div>\n<\/div>\n<\/div>\n\n\n\n<div class=\"wp-block-column is-layout-flow wp-block-column-is-layout-flow\">\n<h1 class=\"wp-block-heading has-text-align-center\"><strong>Easy 5<\/strong><\/h1>\n\n\n\n<ul class=\"wp-block-list\">\n<li>Viteza download\/upload de pana la 5 Gbps<\/li>\n\n\n\n<li>Viteza medie download\/upload 4 Gbps<\/li>\n\n\n\n<li>Viteza minima de upload\/download de 2 Gbps<\/li>\n\n\n\n<li>Perioada contactuala 24 luni<\/li>\n\n\n\n<li>Tehnologie XGSPON<\/li>\n<\/ul>\n\n\n\n<div class=\"wp-block-buttons alignfull is-horizontal is-content-justification-center is-layout-flex wp-container-core-buttons-is-layout-499968f5 wp-block-buttons-is-layout-flex\">\n<div class=\"wp-block-button has-custom-width wp-block-button__width-100\"><a class=\"wp-block-button__link has-white-color has-text-color has-background no-border-radius wp-element-button\" style=\"background-color:#000000\">70 RON<\/a><\/div>\n<\/div>\n<\/div>\n\n\n\n<div class=\"wp-block-column is-layout-flow wp-block-column-is-layout-flow\">\n<h1 class=\"wp-block-heading has-text-align-center\"><strong>Easy 10<\/strong><\/h1>\n\n\n\n<ul class=\"wp-block-list\">\n<li>Viteza download\/upload de pana la 10 Gbps<\/li>\n\n\n\n<li>Viteza medie download\/upload 7 Gbps<\/li>\n\n\n\n<li>Viteza minima de upload\/download de 5 Gbps<\/li>\n\n\n\n<li>Perioada contactuala 24 luni<\/li>\n\n\n\n<li>Tehnologie XGSPON<\/li>\n<\/ul>\n\n\n\n<div class=\"wp-block-buttons alignfull is-horizontal is-content-justification-center is-layout-flex wp-container-core-buttons-is-layout-499968f5 wp-block-buttons-is-layout-flex\">\n<div class=\"wp-block-button has-custom-width wp-block-button__width-100\"><a class=\"wp-block-button__link has-white-color has-text-color has-background no-border-radius wp-element-button\" style=\"background-color:#000000\">80 RON<\/a><\/div>\n<\/div>\n<\/div>\n<\/div>\n\n\n\n<div class=\"wp-block-media-text alignwide is-stacked-on-mobile has-medium-font-size\" style=\"grid-template-columns:17% auto\"><figure class=\"wp-block-media-text__media\"><img loading=\"lazy\" decoding=\"async\" width=\"512\" height=\"512\" src=\"http:\/\/rnt.ro\/wp-content\/uploads\/2022\/11\/tv.png\" alt=\"\" class=\"wp-image-145 size-medium\" srcset=\"https:\/\/rnt.ro\/wp-content\/uploads\/2022\/11\/tv.png 512w, https:\/\/rnt.ro\/wp-content\/uploads\/2022\/11\/tv-300x300.png 300w, https:\/\/rnt.ro\/wp-content\/uploads\/2022\/11\/tv-150x150.png 150w, https:\/\/rnt.ro\/wp-content\/uploads\/2022\/11\/tv-240x240.png 240w, https:\/\/rnt.ro\/wp-content\/uploads\/2022\/11\/tv-96x96.png 96w, https:\/\/rnt.ro\/wp-content\/uploads\/2022\/11\/tv-121x121.png 121w, https:\/\/rnt.ro\/wp-content\/uploads\/2022\/11\/tv-60x60.png 60w, https:\/\/rnt.ro\/wp-content\/uploads\/2022\/11\/tv-184x184.png 184w\" sizes=\"auto, (max-width: 512px) 100vw, 512px\" \/><\/figure><div class=\"wp-block-media-text__content\">\n<h2 class=\"wp-block-heading has-text-align-center\"><strong>TV<\/strong><\/h2>\n<\/div><\/div>\n\n\n\n<p><\/p>\n\n\n\n<div class=\"wp-block-columns alignwide is-layout-flex wp-container-core-columns-is-layout-9d6595d7 wp-block-columns-is-layout-flex\">\n<div class=\"wp-block-column has-text-color has-background has-link-color wp-elements-7feeadfa4dee75624d7e5cd3b4bc9876 is-layout-flow wp-block-column-is-layout-flow\" style=\"color:#000000;background-color:#fc00df59;padding-top:2em;padding-right:2em;padding-bottom:2em;padding-left:2em\">\n<h2 class=\"wp-block-heading\" id=\"single\" style=\"font-size:40px\">Baza<\/h2>\n\n\n\n<p class=\"has-normal-font-size\" style=\"line-height:1.5\">Cele 138 de canale esen\u021biale, la un pre\u021b avantajos.<\/p>\n\n\n\n<hr class=\"wp-block-separator has-text-color has-css-opacity has-background is-style-wide\" style=\"background-color:#000000;color:#000000\"\/>\n\n\n\n<ul class=\"wp-block-list\">\n<li>111 canale TV SD<\/li>\n\n\n\n<li>27 canale TV HD<\/li>\n\n\n\n<li>22 canale radio<\/li>\n<\/ul>\n\n\n\n<p class=\"has-text-align-center\">NU necesita card CI<\/p>\n\n\n\n<div class=\"wp-block-buttons alignfull is-horizontal is-content-justification-center is-layout-flex wp-container-core-buttons-is-layout-499968f5 wp-block-buttons-is-layout-flex\">\n<div class=\"wp-block-button has-custom-width wp-block-button__width-100\"><a class=\"wp-block-button__link has-white-color has-text-color has-background no-border-radius wp-element-button\" style=\"background-color:#000000\">26 RON<\/a><\/div>\n<\/div>\n<\/div>\n\n\n\n<div class=\"wp-block-column has-light-green-cyan-background-color has-text-color has-background has-link-color wp-elements-4b57f4930568f28291e584e8faca37da is-layout-flow wp-block-column-is-layout-flow\" style=\"color:#000000;padding-top:2em;padding-right:2em;padding-bottom:2em;padding-left:2em\">\n<h2 class=\"wp-block-heading\" id=\"family\" style=\"font-size:40px\">Optim<\/h2>\n\n\n\n<p class=\"has-normal-font-size\" style=\"line-height:1.5\">Cea mai popular\u0103 alegere cu nu mai pu\u021bin de 144 de canale.<\/p>\n\n\n\n<hr class=\"wp-block-separator has-css-opacity is-style-wide\"\/>\n\n\n\n<ul class=\"wp-block-list\">\n<li>111 canale TV SD<\/li>\n\n\n\n<li>30 canale TV HD<\/li>\n\n\n\n<li>22 canale radio<\/li>\n<\/ul>\n\n\n\n<p class=\"has-text-align-center\">Necesita card CI+<\/p>\n\n\n\n<div class=\"wp-block-buttons alignfull is-horizontal is-content-justification-center is-layout-flex wp-container-core-buttons-is-layout-499968f5 wp-block-buttons-is-layout-flex\">\n<div class=\"wp-block-button has-custom-width wp-block-button__width-100 is-style-fill\"><a class=\"wp-block-button__link has-white-color has-text-color has-background no-border-radius wp-element-button\" style=\"background-color:#000000\">31 RON<\/a><\/div>\n<\/div>\n<\/div>\n\n\n\n<div class=\"wp-block-column is-vertically-aligned-bottom has-text-color has-background has-link-color wp-elements-1a6d46aebaa7b0832f89e2ed84278137 is-layout-flow wp-block-column-is-layout-flow\" style=\"color:#000000;background-color:#ecc79ade;padding-top:2em;padding-right:2em;padding-bottom:2em;padding-left:2em\">\n<h2 class=\"wp-block-heading\" id=\"patron\" style=\"font-size:40px\">Elite<\/h2>\n\n\n\n<p class=\"has-normal-font-size\">Con\u021bine toate canalele de care ai nevoie, 201 \u00een total.<\/p>\n\n\n\n<hr class=\"wp-block-separator has-css-opacity is-style-wide\"\/>\n\n\n\n<ul class=\"wp-block-list\">\n<li>145 canale TV SD<\/li>\n\n\n\n<li><mark style=\"background-color:rgba(0, 0, 0, 0)\" class=\"has-inline-color has-vivid-red-color\"><strong>56 canale TV HD<\/strong><\/mark><\/li>\n\n\n\n<li>22 canale radio <\/li>\n<\/ul>\n\n\n\n<p class=\"has-text-align-center\">Necesita card CI+<\/p>\n\n\n\n<div class=\"wp-block-buttons alignfull is-horizontal is-content-justification-center is-layout-flex wp-container-core-buttons-is-layout-499968f5 wp-block-buttons-is-layout-flex\">\n<div class=\"wp-block-button has-custom-width wp-block-button__width-100\"><a class=\"wp-block-button__link has-white-color has-text-color has-background no-border-radius wp-element-button\" style=\"background-color:#000000\">59 RON<\/a><\/div>\n<\/div>\n<\/div>\n<\/div>\n","protected":false},"excerpt":{"rendered":"<p>RNT furnizeaz\u0103 servicii de internet \u0219i televiziune, pentru a oferi clien\u021bilor acces la lucrurile care conteaz\u0103, oric\u00e2nd, oriunde. Alege unul din pachetele noastre 2 in 1 acum \u0219i bucur\u0103-te de experien\u021ba RNT: Pachete internet si TV TV Baza Net Start Cel mai accesibil pachet, \u00ee\u021bi ofer\u0103 acces la canalele de televiziune importante \u0219i o vitez\u0103 [&hellip;]<\/p>\n","protected":false},"author":1,"featured_media":0,"parent":0,"menu_order":0,"comment_status":"closed","ping_status":"closed","template":"","meta":{"footnotes":""},"class_list":["post-11","page","type-page","status-publish","hentry"],"_links":{"self":[{"href":"https:\/\/rnt.ro\/index.php\/wp-json\/wp\/v2\/pages\/11","targetHints":{"allow":["GET"]}}],"collection":[{"href":"https:\/\/rnt.ro\/index.php\/wp-json\/wp\/v2\/pages"}],"about":[{"href":"https:\/\/rnt.ro\/index.php\/wp-json\/wp\/v2\/types\/page"}],"author":[{"embeddable":true,"href":"https:\/\/rnt.ro\/index.php\/wp-json\/wp\/v2\/users\/1"}],"replies":[{"embeddable":true,"href":"https:\/\/rnt.ro\/index.php\/wp-json\/wp\/v2\/comments?post=11"}],"version-history":[{"count":0,"href":"https:\/\/rnt.ro\/index.php\/wp-json\/wp\/v2\/pages\/11\/revisions"}],"wp:attachment":[{"href":"https:\/\/rnt.ro\/index.php\/wp-json\/wp\/v2\/media?parent=11"}],"curies":[{"name":"wp","href":"https:\/\/api.w.org\/{rel}","templated":true}]}}